{"id":4971,"date":"2016-04-25T07:42:54","date_gmt":"2016-04-25T07:42:54","guid":{"rendered":"http:\/\/busidiomas.com\/cursos-verano\/?page_id=2"},"modified":"2020-06-05T09:48:51","modified_gmt":"2020-06-05T07:48:51","slug":"contacto","status":"publish","type":"page","link":"https:\/\/busidiomas.com\/cursos-adultos\/contacto\/","title":{"rendered":"Contacto"},"content":{"rendered":"<div class=\"one-third first\" style=\"text-align: center;\">\n<iframe loading=\"lazy\" style=\"border: 0;\" src=\"https:\/\/www.google.com\/maps\/embed?pb=!1m18!1m12!1m3!1d12149.923701670317!2d-3.6866978323760824!3d40.42034856334397!2m3!1f0!2f0!3f0!3m2!1i1024!2i768!4f13.1!3m3!1m2!1s0xd4228a38c2176e5%3A0xa71a0ec2f2735c9d!2sCalle+Dr.+Castelo%2C+14%2C+28009+Madrid!5e0!3m2!1ses!2ses!4v1460995262717\" width=\"100%\" height=\"300\" frameborder=\"0\" allowfullscreen=\"allowfullscreen\"><\/iframe><br \/>\n<strong>Madrid<\/strong><br \/>\nc\/ Doctor Castelo 14, 5\u00ba-2<br \/>\ntel.: <a href=\"tel:+34 91 110 72 12\">91 110 72 12<\/a><\/div>\n<div class=\"one-third\" style=\"text-align: center;\">\n<iframe loading=\"lazy\" src=\"https:\/\/www.google.com\/maps\/embed?pb=!1m18!1m12!1m3!1d11971.10918141076!2d2.122164367654794!3d41.400642603136944!2m3!1f0!2f0!3f0!3m2!1i1024!2i768!4f13.1!3m3!1m2!1s0x12a4986cbcbaae49%3A0xdcdae021a1c28f02!2sCarrer+de+les+Escoles+Pies%2C+76%2C+08017+Barcelona!5e0!3m2!1ses!2ses!4v1460995587605\" width=\"100%\" height=\"300\" frameborder=\"0\" style=\"border:0\" allowfullscreen><\/iframe><br \/>\n<strong>Barcelona<\/strong><br \/>\nc\/ de les Escoles Pies, 76<br \/>\ntel.: <a href=\"tel:+34 93 515 71 31\">93 515 71 31<\/a><\/div>\n<div class=\"one-third\" style=\"text-align: center;\">\n<iframe loading=\"lazy\" src=\"https:\/\/www.google.com\/maps\/embed?pb=!1m18!1m12!1m3!1d3170.132750608891!2d-6.044714549559607!3d37.38669274206671!2m3!1f0!2f0!3f0!3m2!1i1024!2i768!4f13.1!3m3!1m2!1s0xd126c973cb598d7%3A0x7949855b6b126e93!2sUrb.%20Las%20Canteras%2C%2011%2C%2041910%20Camas%2C%20Sevilla!5e0!3m2!1ses!2ses!4v1591343214723!5m2!1ses!2ses\" width=\"100%\" height=\"300\" frameborder=\"0\" style=\"border:0;\" allowfullscreen=\"\" aria-hidden=\"false\" tabindex=\"0\"><\/iframe><br \/>\n<strong>Sevilla<\/strong><br \/>\nurb\/ Las Canteras, 11<br \/>\ntel.: <a href=\"tel:+34 954 27 31 87\">954 27 31 87<\/a><\/div>\n<p><a href=\"mailto:info@busidiomas.com\" class=\"button\">info [@] busidiomas.com<\/a><\/p>\n<p>&nbsp;<\/p>\n<div style=\"border-bottom:1px solid #ddd;clear:both;margin-bottom: 26px;\"><\/div>\n<div style=\"text-align: center;\">\n<h2>Delegaciones<\/h2>\n<\/div>\n<p>&nbsp;<\/p>\n<div class=\"one-third first\" style=\"text-align: center;\">\n<iframe loading=\"lazy\" src=\"https:\/\/www.google.com\/maps\/embed?pb=!1m18!1m12!1m3!1d820777.634451207!2d-6.338714619228339!3d36.52607056985263!2m3!1f0!2f0!3f0!3m2!1i1024!2i768!4f13.1!3m3!1m2!1s0xd0daa4e5acf186b%3A0x30463fd8c9fc9e0!2zQ8OhZGl6!5e0!3m2!1ses!2ses!4v1460997127264\" width=\"100%\" height=\"300\" frameborder=\"0\" style=\"border:0\" allowfullscreen><\/iframe><br \/>\n<strong>C\u00e1diz<\/strong><br \/>\ntel.: <a href=\"tel:+34 91 110 72 12\">91 110 72 12<\/a>\n<\/div>\n<div class=\"one-third\" style=\"text-align: center;\">\n<iframe loading=\"lazy\" src=\"https:\/\/www.google.com\/maps\/embed?pb=!1m18!1m12!1m3!1d48545.83286928837!2d-3.401695436469996!3d40.494849837318945!2m3!1f0!2f0!3f0!3m2!1i1024!2i768!4f13.1!3m3!1m2!1s0xd424bd8c669e60b%3A0x555eb1454b21723!2sAlcal%C3%A1+de+Henares%2C+Madrid!5e0!3m2!1ses!2ses!4v1460997048091\" width=\"100%\" height=\"300\" frameborder=\"0\" style=\"border:0\" allowfullscreen><\/iframe><br \/>\n<strong>Alcal\u00e1 de Henares<\/strong><br \/>\ntel.: <a href=\"tel:+34 91 110 72 12\">91 110 72 12<\/a>\n<\/div>\n<div class=\"one-third\" style=\"text-align: center;\">\n<iframe loading=\"lazy\" src=\"https:\/\/www.google.com\/maps\/embed?pb=!1m18!1m12!1m3!1d204558.7853263511!2d-4.564275137628402!3d36.765024992304404!2m3!1f0!2f0!3f0!3m2!1i1024!2i768!4f13.1!3m3!1m2!1s0xd72f6698d30d151%3A0x403d278a576e680!2zTcOhbGFnYQ!5e0!3m2!1ses!2ses!4v1460997082207\" width=\"100%\" height=\"300\" frameborder=\"0\" style=\"border:0\" allowfullscreen><\/iframe><br \/>\n<strong>M\u00e1laga<\/strong><br \/>\ntel.: <a href=\"tel:+34 91 110 72 12\">91 110 72 12<\/a>\n<\/div>\n<p><a href=\"mailto:info@busidiomas.com\" class=\"button\">info [@] busidiomas.com<\/a><\/p>\n<p>&nbsp;<\/p>\n<div style=\"border-bottom:1px solid #ddd;clear:both;margin-bottom: 26px;\"><\/div>\n<p>&nbsp;<br \/>\n<strong>Si desea recibir informaci\u00f3n, por favor, rellene el formulario de contacto o p\u00f3ngase en contacto con una de nuestras oficinas en el email o telefonos indicados.<\/strong><\/p>\n\n<div class=\"wpcf7 no-js\" id=\"wpcf7-f6-o1\" lang=\"es-ES\" dir=\"ltr\">\n<div class=\"screen-reader-response\"><p role=\"status\" aria-live=\"polite\" aria-atomic=\"true\"><\/p> <ul><\/ul><\/div>\n<form action=\"\/cursos-adultos\/wp-json\/wp\/v2\/pages\/4971#wpcf7-f6-o1\" method=\"post\" class=\"wpcf7-form init\" aria-label=\"Formulario de contacto\" novalidate=\"novalidate\" data-status=\"init\">\n<div style=\"display: none;\">\n<input type=\"hidden\" name=\"_wpcf7\" value=\"6\" \/>\n<input type=\"hidden\" name=\"_wpcf7_version\" value=\"5.7.3\" \/>\n<input type=\"hidden\" name=\"_wpcf7_locale\" value=\"es_ES\" \/>\n<input type=\"hidden\" name=\"_wpcf7_unit_tag\" value=\"wpcf7-f6-o1\" \/>\n<input type=\"hidden\" name=\"_wpcf7_container_post\" value=\"0\" \/>\n<input type=\"hidden\" name=\"_wpcf7_posted_data_hash\" value=\"\" \/>\n<input type=\"hidden\" name=\"_wpcf7_recaptcha_response\" value=\"\" \/>\n<\/div>\n<p>Nombre (requerido)\n<\/p>\n<p><span class=\"wpcf7-form-control-wrap\" data-name=\"your-name\"><input size=\"40\" class=\"wpcf7-form-control wpcf7-text wpcf7-validates-as-required\" aria-required=\"true\" aria-invalid=\"false\" value=\"\" type=\"text\" name=\"your-name\" \/><\/span>\n<\/p>\n<p>Correo electr\u00f3nico (requerido)\n<\/p>\n<p><span class=\"wpcf7-form-control-wrap\" data-name=\"your-email\"><input size=\"40\" class=\"wpcf7-form-control wpcf7-text wpcf7-email wpcf7-validates-as-required wpcf7-validates-as-email\" aria-required=\"true\" aria-invalid=\"false\" value=\"\" type=\"email\" name=\"your-email\" \/><\/span>\n<\/p>\n<p>Asunto\n<\/p>\n<p><span class=\"wpcf7-form-control-wrap\" data-name=\"your-subject\"><input size=\"40\" class=\"wpcf7-form-control wpcf7-text\" aria-invalid=\"false\" value=\"\" type=\"text\" name=\"your-subject\" \/><\/span>\n<\/p>\n<p>Mensaje\n<\/p>\n<p><span class=\"wpcf7-form-control-wrap\" data-name=\"your-message\"><textarea cols=\"40\" rows=\"10\" class=\"wpcf7-form-control wpcf7-textarea\" aria-invalid=\"false\" name=\"your-message\"><\/textarea><\/span>\n<\/p>\n<p><input class=\"wpcf7-form-control has-spinner wpcf7-submit\" type=\"submit\" value=\"Enviar\" \/>\n<\/p><p style=\"display: none !important;\"><label>&#916;<textarea name=\"_wpcf7_ak_hp_textarea\" cols=\"45\" rows=\"8\" maxlength=\"100\"><\/textarea><\/label><input type=\"hidden\" id=\"ak_js_1\" name=\"_wpcf7_ak_js\" value=\"207\"\/><script>document.getElementById( \"ak_js_1\" ).setAttribute( \"value\", ( new Date() ).getTime() );<\/script><\/p><div class=\"wpcf7-response-output\" aria-hidden=\"true\"><\/div>\n<\/form>\n<\/div>\n\n","protected":false},"excerpt":{"rendered":"<p>Madrid c\/ Doctor Castelo 14, 5\u00ba-2 tel.: 91 110 72 12 Barcelona c\/ de les Escoles Pies, 76 tel.: 93 515 71 31 Sevilla urb\/ Las Canteras, 11 tel.: 954 27 31 87 info [@] busidiomas.com &nbsp; Delegaciones &nbsp; C\u00e1diz tel.: 91 110 72 12 Alcal\u00e1 de Henares tel.: 91 110 72 12 M\u00e1laga tel.: [&hellip;]<\/p>\n","protected":false},"author":1,"featured_media":0,"parent":0,"menu_order":3,"comment_status":"closed","ping_status":"open","template":"","meta":{"_genesis_hide_title":false,"_genesis_hide_breadcrumbs":false,"_genesis_hide_singular_image":false,"_genesis_hide_footer_widgets":false,"_genesis_custom_body_class":"","_genesis_custom_post_class":"","_genesis_layout":"full-width-content"},"aioseo_notices":[],"_links":{"self":[{"href":"https:\/\/busidiomas.com\/cursos-adultos\/wp-json\/wp\/v2\/pages\/4971"}],"collection":[{"href":"https:\/\/busidiomas.com\/cursos-adultos\/wp-json\/wp\/v2\/pages"}],"about":[{"href":"https:\/\/busidiomas.com\/cursos-adultos\/wp-json\/wp\/v2\/types\/page"}],"author":[{"embeddable":true,"href":"https:\/\/busidiomas.com\/cursos-adultos\/wp-json\/wp\/v2\/users\/1"}],"replies":[{"embeddable":true,"href":"https:\/\/busidiomas.com\/cursos-adultos\/wp-json\/wp\/v2\/comments?post=4971"}],"version-history":[{"count":1,"href":"https:\/\/busidiomas.com\/cursos-adultos\/wp-json\/wp\/v2\/pages\/4971\/revisions"}],"predecessor-version":[{"id":5450,"href":"https:\/\/busidiomas.com\/cursos-adultos\/wp-json\/wp\/v2\/pages\/4971\/revisions\/5450"}],"wp:attachment":[{"href":"https:\/\/busidiomas.com\/cursos-adultos\/wp-json\/wp\/v2\/media?parent=4971"}],"curies":[{"name":"wp","href":"https:\/\/api.w.org\/{rel}","templated":true}]}}